 l is divided by p(-6)?
22
Let i(w) = w**3 - 14*w**2 + 47*w - 7. Let r be i(5). Let p(o) = -19*o + 107. Calculate the remainder when p(r) is divided by 18.
14
Suppose 106*q - 335 = 104*q - 3*p, 3*p - 169 = -q. Calculate the remainder when 661 is divided by q.
163
Suppose -15*i - 6897 = 18*i. What is the remainder when 109 is divided by 64/(-416) + (-4)/26*i?
13
Suppose 14*x - 4*x = 290. Suppose 40 = -3*t - 32. Let m = t + x. What is the remainder when 34 is divided by m?
4
Let h(w) = -8*w**3 - 6*w**2 + w + 16. Let r be h(-4). Suppose 2*q - 222 = 3*b, 2*q + 2*q + 2*b = r. Calculate the remainder when q is divided by 19.
13
Let g(t) = -t**2 + 15*t - 47. Let k be g(6). Suppose 0 = k*c - 3*c - 180. Calculate the remainder when 267 is divided by c.
42
Suppose 19*n = 23*n - 800. Let r = n - 171. Calculate the remainder when 106 is divided by r.
19
What is the remainder when 39 is divided by (-64)/(-16) - (-22 + -2)?
11
Let p be 5540/14 + (-1)/(28/(-8)). Suppose -9*u - 27 + p = 0. Calculate the remainder when 161 is divided by u.
38
Let g(q) = 9*q**2 - 3*q - 1. Calculate the remainder when 172/28 + -6 + (-8481)/(-21) is divided by g(2).
27
Let g(u) = 14*u + 2. Let s be g(-3). Suppose 3*r - 3*p = 2*p + 360, -4*r + 494 = -2*p. Let x = r + s. What is the remainder when x is divided by 29?
27
Suppose 2*b + 3*t - t + 232 = 0, b = t - 114. Let n = b - -186. Let j(y) = -y**3 - 6*y**2 - 6*y + 1. What is the remainder when n is divided by j(-6)?
34
Let v = 0 + 5. Let c(l) = l - 32. Let p be c(v). Let w = 53 + p. What is the remainder when w is divided by 9?
8
Let j(y) = -61*y - 7 + 37*y + 29*y. Let a be j(4). Suppose 3*p = -3, -r = 4*p - 50 + a. Calculate the remainder when 120 is divided by r.
38
Let m(t) = -6*t**3 - t**2 - 2*t - 1. Let o = 5844 + -5782. What is the remainder when o is divided by m(-1)?
2
Let k = -13 + 43. What is the remainder when k is divided by 4*(1/(-13) + (-430)/(-520))?
0
Let v = -21306 - -21363. Calculate the remainder when -37*10/(-3 - -1) is divided by v.
14
Let d be ((-7875)/(-4))/(-9) - 2/8. Calculate the remainder when ((-7)/(-21))/((-1)/d) is divided by 20.
13
Let l(g) = g**3 + 16*g**2 - 2*g - 32. Let q be l(-16). What is the remainder when 389 - q*(-4 - -5) is divided by 65?
64
Let o(c) = 13*c - 143. Let m(i) = 3*i - 36. Let j(y) = -9*m(y) + 2*o(y). Calculate the remainder when j(0) is divided by 11.
5
Let v = -22475 + 25803. Calculate the remainder when v is divided by 30.
28
Let i be (-63 + 1)*17/(-34). Suppose 2*a = r + 173, 0 = 5*a - 34*r + i*r - 434. What is the remainder when a is divided by 56?
29
Suppose -4*l = 4*a + 576, 3*a = -2*l - 141 - 146. Let k = l + 164. Calculate the remainder when 91 is divided by k.
15
Let q = 13 + -9. Suppose -5*l - 42 = -3*z, -49*z - 28 = -51*z - q*l. Calculate the remainder when 258 is divided by z.
6
Suppose 5*l + 7*k = 59, l = 29*k - 26*k + 25. What is the remainder when 745 is divided by l?
9
Let v(q) = -q**2 + 18*q - 73. Let k be v(5). Let u(o) = -11 + 1 - o**3 - 9*o**2 + 2 - 10*o. What is the remainder when 23 is divided by u(k)?
7
Suppose -4*w = 8, 2*w + 5 = -3*o - 5. Calculate the remainder when 180 is divided by 36/54*(-141)/o.
39
Suppose -2*v - p = -69, 103 = 3*v + 7*p - 6*p. Suppose -387 = -8*w + 341. Calculate the remainder when w is divided by v.
23
Let n(o) = 92*o + 1. Let m be n(2). Let i = m - 110. Suppose -736 = -41*u + 8*p - 13*p, 0 = u + 3*p - 64. Calculate the remainder when i is divided by u.
11
Let b = -51 + 39. Let p = b + 102. Calculate the remainder when p is divided by 31.
28
Suppose -44217 - 90433 + 30913 = -229*u. What is the remainder when u is divided by 7?
5
Suppose 4*g = 3*q - 2239, 0 = -5*q - 0*q - 5*g + 3755. What is the remainder when q is divided by 10?
9
Suppose 0 = -5*y + 1965 + 330. Let t = -273 + y. What is the remainder when t is divided by 38?
34
Suppose 0 = -5*h + 20, 7*s - 2*s + 2*h = 43. Calculate the remainder when ((-2658)/42 - s)*21/(-3) is divided by 26.
24
Let r = -3149 - -3159. Calculate the remainder when 44 is divided by r.
4
Let t = 284 - 48. Let p(h) = 4*h + 9. Let a be p(-3). What is the remainder when t is divided by ((-137)/4 + a/(-12))/(-2)?
15
Suppose 0 = -5*k + 20 - 45. Calculate the remainder when (-338)/(-5) - 4/(-10) is divided by 2 + k + (-15 - -32).
12
Calculate the remainder when 187 is divided by (-2 + 1)/(((-6)/(-708))/((-7)/14)).
10
Let x = -332 - -835. Suppose -o = o + 6, 5*k - o - x = 0. Suppose d + 4*d = k. Calculate the remainder when 39 is divided by d.
19
Let k(y) = 11*y - 8. Let i be k(-7). Let u = i - -85. Suppose -g + 44 = 3*o, -77 = -2*g + 5*o - u*o. What is the remainder when 163 is divided by g?
40
Let l = 16561 - 16556. Calculate the remainder when 617 is divided by l.
2
Let z(g) = 8*g**3 - 5. Let r(j) = j**3 - 4*j**2 + 3*j - 2. Let k be r(3). Let v be z(k). Let h = -67 - v. Calculate the remainder when 8 is divided by h.
0
Suppose 370 = 4*r + 5*h - 2626, -5*r - 3*h = -3732. Let g = r - 442. Suppose 4*z = 2*q + g, -293 = z - 5*z - q. Calculate the remainder when z is divided by 38.
36
Suppose 2*h - 4*h = -84. Let x = 47 - h. Suppose -49 = -12*o + x*o. Calculate the remainder when 16 is divided by o.
2
Let a(o) = 8*o - 3. Let q be a(3). Let b be 248/(-7) - (-9)/q. Let r = b - -40. Calculate the remainder when r is divided by 3.
2
Suppose 0 = -2*a - 3*g + 43, 50 = 5*a - 2*g - 2*g. Let f = a + -8. Calculate the remainder when (-22)/(1100/30) + (-152)/(-20) + 0 is divided by f.
1
Let t = 31 - -3. Let p(n) = n**3 + 49*n**2 - n - 31. Let c be p(-49). Calculate the remainder when t is divided by 212/c + 60/270.
10
Suppose 4*u + 55*i = 52*i + 10, 0 = 2*u + 5*i + 2. Calculate the remainder when (11/(-2))/(2/(-4)) is divided by u.
3
Suppose -6*f + f - 2*i + 930 = 0, -4*f + 732 = 4*i. Suppose -69*b + 85*b = -46*b + 2356. Calculate the remainder when f is divided by b.
36
Suppose -14*o - 7169 = -55*o + 8288. What is the remainder when o is divided by 174?
29
Let m = -5723 - -7620. What is the remainder when m is divided by 631?
4
Let v(a) = 5*a - 14. Let g be v(11). Suppose 38*q + 96 = g*q. Calculate the remainder when q is divided by 11.
10
Suppose -5*j - 1549 = -239. Calculate the remainder when (j - 5/(-1))/(-1) is divided by 13.
10
Suppose -4*o = 13 - 125. Suppose 3*d = -2*k + 18 - 4, -k = 5*d - o. Calculate the remainder when 16 is divided by d.
4
Let b = -12927 + 13097. What is the remainder when 1535 is divided by b?
5
Suppose 191*b - 137 = 190*b. Suppose -s + 5 = -30. Calculate the remainder when b is divided by s.
32
Suppose -18*p - 1938 = -24*p. Suppose -3*v - 5*t = -75, 10*t + 135 = 4*v + 5*t. Calculate the remainder when p is divided by v.
23
Let k = -1233 - -1248. Let p = 22 - 8. Let f = p - -43. Calculate the remainder when f is divided by k.
12
Suppose -82*f + 2710 = -14920. What is the remainder when f is divided by 28?
19
Suppose -2988 = -3*j + 53*v - 51*v, 0 = -4*j + 5*v + 3991. Suppose -4*x = 7 - 19. Suppose 0 = 4*h + x*h - j. What is the remainder when h is divided by 18?
16
Suppose -2*v - 8360 = -22*v. Suppose v = 29*h - 75. Calculate the remainder when h is divided by (2/4)/((-4)/(-48)).
5
Let z(g) = g**2 + 68*g - 271. What is the remainder when 1869 is divided by z(4)?
16
Let i(s) = -s + 57. Suppose 0*f = 8*f - 2064. Calculate the remainder when f is divided by i(13).
38
Suppose -323*w = -256*w - 4757. Suppose 3*k + 1 = 3*j + 4*k, -j - 4*k = 18. Calculate the remainder when w is divided by (-92)/(-5) + j/(-5).
17
Suppose 10 = -o + 4*o - 5*u, 0 = 5*o - 4*u - 34. Suppose -2*z + 624 = o*z. Let n(j) = -j**3 + 3*j**2 + 3*j. What is the remainder when z is divided by n(3)?
7
Let o = -174 + 62. Calculate the remainder when 717 is divided by 1512/o*10/(-3).
42
Suppose 198138 = -25*b + 208438. What is the remainder when 2900 is divided by b?
16
Suppose 12*v - 295 = -163. Calculate the remainder when 76 is divided by v.
10
Let c = 177 + -174. Suppose 2*x = c*l - 519, 693 = 4*l - x - 4. Calculate the remainder when l is divided by 30.
25
Suppose 2*d - 80 = s - 3*s, -191 = -5*s + 4*d. Let v = 30627 + -30615. What is the remainder when s is divided by v?
3
Let r be 3/((-15)/(-20)) - (-4)/1. Suppose -r*j - 439 = -607. Calculate the remainder when 124 is divided by j.
19
Suppose 3*d + 6 = -3*q - 3, 5*d + 3*